ose 5*o - 4*a = 171, 0 = -2*o - 2*o - 5*a + 104. Suppose 2*i - 60 = -3*i. What is the remainder when o is divided by i?
7
Let h = -11 - -18. Let i = 49 - 44. Calculate the remainder when h is divided by i.
2
Calculate the remainder when (-10)/75*3*-45 is divided by 7.
4
Suppose 2*g + 9 = 5*g. Suppose -g*p = -0*p - 6. What is the remainder when 25 is divided by (3/(-6))/(p/(-36))?
7
Suppose 7*z - 2*z - 50 = 0. What is the remainder when 27 is divided by z?
7
Suppose s = -2*s - b + 4, -4*s - 8 = -2*b. Let j(f) = -f**2 - f + 27. What is the remainder when 79 is divided by j(s)?
25
Let h = 56 + -25. Calculate the remainder when h is divided by (-3)/4 + (-105)/(-12).
7
Suppose 13 = 3*b - 8. Suppose 38 = -5*p - b. Let u = 24 + p. Calculate the remainder when 43 is divided by u.
13
Let a(p) = -45*p + 1. Calculate the remainder when a(-1) is divided by 25.
21
Let o = -13 + 40. Suppose o = -5*q + 2. What is the remainder when 3 is divided by (-2)/q + (-24)/(-15)?
1
Let m = 61 - 21. Let h = -11 + 25. Calculate the remainder when m is divided by h.
12
Calculate the remainder when (170/15)/((-4)/(-6)) is divided by 6.
5
Let w = 92 + -58. Let h(j) = -2*j**3 - 5*j**2 - 3*j. Calculate the remainder when w is divided by h(-3).
16
Let g be (8 + -7)/(2/6). Let u = 11 - g. Calculate the remainder when 29 is divided by u.
5
Let m(o) = -2*o + 17. Let k(q) = 2*q**2 + 4*q + 2. Let d be k(-4). What is the remainder when m(0) is divided by d/(-4)*(-2 + 0)?
8
Let w be -8*(9/6)/(-3). Let p(q) = q - 2 - 3 - w*q. What is the remainder when p(-6) is divided by 7?
6
Calculate the remainder when (-4)/10 + 427/5 is divided by 22.
19
Suppose 5*n - b - 125 = 0, 0*n + b = -4*n + 100. Calculate the remainder when n is divided by 14.
11
Let o(z) = 3*z + 6. Let t be o(-6). Let i = t - -21. Calculate the remainder when 16 is divided by i.
7
What is the remainder when 1*(-8 + 0)*(-99)/22 is divided by 2/3 + (-37)/(-3)?
10
Let g = 2 - -10. Calculate the remainder when 22 is divided by g.
10
Let v(x) = 8*x + 9*x + 9*x. What is the remainder when v(1) is divided by 9?
8
Suppose 7*z - 3*z = 140. Calculate the remainder when z is divided by 4.
3
Let y(d) = d**3 - 3*d**2 - d - 5. Calculate the remainder when y(5) is divided by 11.
7
Suppose y = 6 + 1. What is the remainder when (-65)/3*30/(-25) is divided by y?
5
Let x = -51 - -76. Let u(j) = j**3 - 4*j**2 - 3*j - 1. Let b be u(4). Let f = b - -22. Calculate the remainder when x is divided by f.
7
Let z = 12 + -19. Let i = 13 + z. Calculate the remainder when 17 is divided by i.
5
Suppose v + 3 + 12 = -3*p, 3*p = -3*v - 39. Let g = v + 17. Let x = g + -1. Calculate the remainder when 7 is divided by x.
3
What is the remainder when 1962/22 - 12/66 is divided by 18?
17
Let x = 33 + -27. What is the remainder when x is divided by 5?
1
Suppose 4*i + 4 - 16 = 0. Let z = i + -1. What is the remainder when 5 is divided by z?
1
Let i(r) = 2*r**2 + 2*r + 12. What is the remainder when i(9) is divided by 39?
36
Suppose a - y = 102, -4*a - 2*y = -3*y - 396. Calculate the remainder when a is divided by 9.
8
Calculate the remainder when 59 is divided by 16 + (-3)/(6 - 3).
14
Let i = 8 - -3. Calculate the remainder when 19 is divided by i.
8
Let w be 2 - (3 - 1)/(-2). Suppose -4*o = o. Suppose -w*y + 6*y - 84 = o. What is the remainder when y is divided by 10?
8
Let l = -22 - -103. Calculate the remainder when l is divided by 12.
9
Suppose 4*o + a = 414, 2*a + a - 514 = -5*o. Suppose h = 5*h - o. Calculate the remainder when 102 is divided by h.
24
Suppose 5*c - 4 = 51. What is the remainder when 31 is divided by c?
9
Let m be 2/5 - (-216)/(-15). Calculate the remainder when 33 is divided by m/35 + 47/5.
6
Suppose -157 = -9*o + 68. Let v(s) = -2*s - 1. Calculate the remainder when o is divided by v(-4).
4
Let g = 7 + -4. Suppose 0 = g*t - 8*t - 10. Let d = t + 13. Calculate the remainder when 32 is divided by d.
10
Calculate the remainder when (0 - 4)*166/(-4) is divided by 24.
22
Suppose 0 = 2*j - 5*j + 15. Let f(d) = -j*d - 7 - d**2 + 2*d**2 + 4*d. What is the remainder when f(6) is divided by 12?
11
Let d(z) = -3*z**2 - 5*z + 3. Let y be d(-4). Let r = y - -47. Calculate the remainder when r is divided by 12.
10
Let c = 32 - 0. What is the remainder when (3 - 0) + 58/1 is divided by c?
29
Let t(s) = -11*s - 1. Let h be t(-2). Let g = h + -12. Suppose -8 = -5*q + 2, 0 = -a - q + 19. Calculate the remainder when a is divided by g.
8
Let h(b) = -7*b**3 - 5*b**2 - 14*b - 13. Let w(u) = -4*u**3 - 2*u**2 - 7*u - 6. Let n(x) = 3*h(x) - 5*w(x). Calculate the remainder when n(-6) is divided by 18.
15
Suppose -v + 2 + 32 = 0. Calculate the remainder when 66 is divided by v.
32
Let u be 184/18 - (-6)/(-27). Let g = u + -3. Calculate the remainder when 19 is divided by g.
5
Let l(s) = 35*s + 6. Let b be l(3). Suppose 0 = -2*o + b + 29. What is the remainder when o is divided by 24?
22
Suppose -2*u = -4 - 0. Calculate the remainder when u is divided by 8/16*(-1 - -5).
0
Let f(s) = 3*s - 1. Calculate the remainder when f(6) is divided by 10.
7
Calculate the remainder when 43 is divided by 1 + (25 + 0 - 3).
20
Suppose 1 = 2*k - 13. Suppose 4*u = -n - 52, -2*u + k - 55 = -5*n. What is the remainder when 22 is divided by 116/14 - (-4)/u?
6
Suppose -3*n - 142 = -5*n. Calculate the remainder when n is divided by 9.
8
Let j be 17/(-5) - (-2)/5. Let g be (-4)/j*(5 - 8). Let m(o) = -o + 1. What is the remainder when m(g) is divided by 2?
1
Let m(f) = 10*f - 8. Let a(o) = -10*o + 7. Let w(c) = -7*a(c) - 6*m(c). Calculate the remainder when 35 is divided by w(2).
16
Suppose -4*w - 12 = -5*w + 3*i, -2*w = -3*i - 21. Suppose -40 = -2*j - 3*f, j + f - w = 12. What is the remainder when j is divided by 13?
10
Let x(t) = 2*t**3 - t**2 - 6*t - 3. Suppose -5*a - 12 + 1 = 3*d, -3*d = 3*a + 3. What is the remainder when 47 is divided by x(d)?
23
Let s = 11 + -8. Suppose u + 6 = -3*j, 2*j + s*j = 4*u - 10. Calculate the remainder when (-3 + -1)/(u - 1) is divided by 3.
1
Let v(l) = 5*l + 1. Suppose 6*u - 221 = 271. What is the remainder when u is divided by v(4)?
19
Suppose -3*z = -3*i + 18, -2*i + 26 = -0*i + 5*z. Calculate the remainder when i is divided by 4.
0
What is the remainder when (2 + -2)*(2 + -3) + 71 is divided by 18?
17
Suppose -2*y - 4*d - 88 = -0*d, 0 = -y + 5*d - 37. Let k = 63 + y. Calculate the remainder when 41 + (1 - 1/1) is divided by k.
20
Suppose -4*y + 9*y - 4*w + 82 = 0, -2*y - 38 = w. Let t = -11 - y. Suppose -k + 5 = -4*l - 2, 3*l + 12 = 3*k. What is the remainder when t is divided by k?
1
Let m = -5 - -14. Suppose -6 - 8 = -2*y - 4*q, -q = -2*y + m. Suppose 2*p - y*p = -75. Calculate the remainder when p is divided by 9.
7
Let o(r) = r**3 + 3*r**2 - r + 2. Let z = 12 - 14. Calculate the remainder when 15 is divided by o(z).
7
Suppose -49 = -2*o + 31. What is the remainder when o is divided by 15?
10
Suppose -5*o = -48 - 37. What is the remainder when 65 is divided by o?
14
Let u(q) = -q**3 + 7*q**2 + 7*q + 11. Let t be u(8). Suppose -4*b = -0*b + t*z - 12, -20 = -4*b - z. Calculate the remainder when 10 is divided by b.
4
Let y = 12 - -14. Let q = y - 5. Let k = 0 - -11. What is the remainder when q is divided by k?
10
Let i(c) be the second derivative of c**4/12 + c**3/3 - 4*c**2 + 4*c. Calculate the remainder when i(7) is divided by 19.
17
Let m = 16 - 1. What is the remainder when 88 is divided by m?
13
Calculate the remainder when 23/((-2)/(-2*1)) is divided by (-240)/(-10)*1/2.
11
Let f be 2/5 + (-13)/(-5). Suppose -f*z - 8 = -4*b, -3*z - 4*b - 16 = -0. Let t(l) = -12*l - 5. Calculate the remainder when t(z) is divided by 15.
13
Let y = -130 - -184. Let o(t) = -32*t**3 - 3*t**2 + 2*t + 1. What is the remainder when y is divided by o(-1)?
26
Suppose 4*f + 15 = 35. Suppose -f*p - 28 = -z, -3*z + 4 = -0*z + p. Calculate the remainder when 3/(z*3/18) is divided by 4.
2
Let c(v) = -3*v - 8. Let k be c(-7). Let h = 23 - k. What is the remainder when h is divided by 6?
4
Suppose 80 = 2*c + 4*l - 18, -c + 59 = -3*l. Calculate the remainder when c is divided by 14.
11
Let b(z) = 3*z**3 + 2*z + 1. Let s(h) = 6*h - 3. What is the remainder when b(2) is divided by s(3)?
14
Suppose -17 = 2*z - 4*z - 5*h, -z - 2*h = -11. Let s(i) = -38*i + 7. Calculate the re